on factor of 1591529700 and 60?
60
Calculate the greatest common divisor of 385 and 7045.
5
What is the greatest common factor of 112 and 2232664?
56
What is the greatest common divisor of 1415810 and 130174?
1342
Calculate the greatest common factor of 21280 and 268564240.
10640
Calculate the highest common factor of 482058 and 24016.
158
What is the highest common divisor of 3970 and 7070?
10
What is the highest common factor of 12069 and 159579?
1341
Calculate the highest common divisor of 50 and 18807380.
10
Calculate the highest common factor of 40 and 3918180.
20
Calculate the highest common factor of 1145 and 2858149.
229
What is the highest common factor of 462668 and 2889?
107
Calculate the greatest common factor of 606 and 48323955.
303
What is the highest common factor of 3887 and 106393443?
169
What is the highest common factor of 27 and 16565421?
3
Calculate the highest common divisor of 5054 and 389377849.
2527
What is the highest common factor of 2928 and 76552?
8
What is the greatest common divisor of 6344 and 223236?
52
Calculate the highest common factor of 247850820 and 420.
420
Calculate the highest common divisor of 266904 and 162.
18
Calculate the greatest common factor of 30 and 1410.
30
Calculate the highest common factor of 2397 and 98391257.
799
What is the highest common factor of 13352 and 81112?
8
What is the greatest common factor of 12810 and 4212660?
1830
What is the highest common factor of 259826 and 3234224?
938
What is the greatest common factor of 103261490 and 30?
10
What is the greatest common factor of 222 and 5908641?
111
Calculate the greatest common factor of 387183186 and 54.
54
Calculate the highest common divisor of 91767963 and 63.
21
What is the highest common divisor of 11 and 18619007?
11
Calculate the highest common factor of 60 and 430135140.
60
Calculate the greatest common factor of 334411 and 6618689.
3311
What is the highest common divisor of 29157613 and 973?
139
What is the greatest common divisor of 21983 and 7455619?
1691
What is the greatest common factor of 9648 and 6896?
16
What is the highest common factor of 32244393 and 58325?
2333
What is the highest common divisor of 9 and 983937033?
9
What is the highest common divisor of 728 and 17848558?
182
Calculate the highest common factor of 227246877 and 16445.
3289
Calculate the highest common factor of 161456936 and 9352.
1336
What is the highest common factor of 710 and 14985686?
142
Calculate the highest common divisor of 5257263 and 66.
33
What is the greatest common factor of 61 and 36784647?
61
Calculate the highest common divisor of 4466 and 18011.
7
What is the greatest common factor of 35 and 748090?
35
Calculate the greatest common divisor of 21020 and 143940.
20
What is the greatest common divisor of 1821757 and 39382?
679
What is the highest common factor of 6955 and 1835973945?
6955
What is the greatest common factor of 328 and 57689009?
41
What is the highest common factor of 2549771 and 4214?
301
Calculate the highest common factor of 37620 and 98257170.
6270
Calculate the greatest common divisor of 795811 and 91202.
1471
Calculate the highest common divisor of 94567 and 5104.
11
What is the highest common divisor of 102918 and 208913?
17
Calculate the highest common divisor of 497182 and 182.
14
What is the highest common divisor of 385 and 206899?
77
What is the highest common factor of 4380 and 17586795?
1095
Calculate the greatest common factor of 1968 and 18.
6
What is the highest common divisor of 21167259 and 1641?
1641
What is the highest common factor of 4331 and 4880?
61
What is the greatest common divisor of 180727 and 14246?
17
Calculate the greatest common divisor of 638 and 29337270.
58
What is the highest common divisor of 936347504 and 2624?
656
What is the greatest common factor of 28695 and 590205?
15
Calculate the greatest common divisor of 256930105 and 5.
5
Calculate the greatest common factor of 315369 and 916819.
523
Calculate the highest common factor of 100157 and 81686.
47
Calculate the highest common factor of 260178 and 103824.
618
Calculate the highest common factor of 33626 and 703018.
782
What is the greatest common divisor of 28987 and 79891?
707
Calculate the highest common factor of 576 and 137961.
9
Calculate the highest common divisor of 14855259 and 284.
71
Calculate the greatest common factor of 6169199 and 7483.
1069
What is the highest common factor of 18171 and 76593457?
673
Calculate the greatest common factor of 86 and 2161741537.
43
What is the highest common divisor of 15906241 and 325832?
3133
What is the highest common divisor of 188 and 16484686?
94
Calculate the highest common divisor of 368 and 28685186.
46
Calculate the highest common factor of 8645286 and 611.
13
Calculate the greatest common divisor of 405445 and 2441955.
3095
Calculate the highest common factor of 26403555 and 2445.
2445
Calculate the highest common divisor of 131065652 and 53304.
8884
What is the highest common factor of 132646180 and 904?
452
What is the highest common divisor of 185 and 377935?
5
What is the greatest common factor of 5246513 and 581?
83
What is the greatest common factor of 61248745 and 10?
5
What is the greatest common factor of 659866847 and 97?
97
Calculate the highest common divisor of 50624 and 123200.
448
Calculate the highest common divisor of 33112448 and 3584.
128
Calculate the greatest common divisor of 12423425 and 21.
7
Calculate the greatest common factor of 79625 and 422500.
1625
Calculate the greatest common factor of 3845485 and 5831.
119
What is the greatest common divisor of 165 and 2924595?
15
What is the highest common divisor of 3117 and 157456294?
1039
What is the highest common divisor of 1713 and 1094163?
3
What is the highest common divisor of 24497785 and 325?
65
What is the greatest common factor of 95 and 22571867?
19
What is the highest common factor of 5945423 and 209?
209
Calculate the greatest common divisor of 588 and 11533284.
84
What is the greatest common divisor of 141868 and 126846?
58
What is the highest common factor of 73836 and 17091?
9
Calculate the highest common factor of 11 and 218384.
1
What is the highest common divisor of 3662912 and 989?
43
Calculate the greatest common factor of 5947266 and 14326.
494
Calculate the highest common divisor of 2597 and 11920622.
49
What is the highest common divisor of 6519 and 6911411?
41
What is the highest common factor of 189070 and 66970?
370
What is the greatest common divisor of 293999464 and 77?
11
Calculate the highest common divisor of 8989486 and 33.
11
What is the greatest common divisor of 10152 and 154072?
8
Calculate the highest common divisor of 1047084 and 1404.
12
Calculate the greatest common divisor of 109923445 and 1615.
85
What is the highest common factor of 118301013 and 216?
27
Calculate the highest common divisor of 840756 and 3976.
28
What is the greatest common divisor of 6416 and 4793955?
401
What is the greatest common factor of 2 and 2353282?
2
What is the greatest common divisor of 280 and 3441410?
70
Calculate the greatest common factor of 6510 and 162680.
70
What is the highest common divisor of 298767315 and 4620?
1155
Calculate the highest common factor of 555 and 198756933.
111
Calculate the highest common divisor of 2445036 and 3564.
132
What is the highest common divisor of 83408 and 142872691?
5213
What is the greatest common divisor of 4 and 8985848?
4
What is the greatest common factor of 8 and 25180564?
4
Calculate the highest common divisor of 1366051 and 5626.
97
What is the highest common divisor of 86611035 and 360?
15
What is the highest common factor of 33350 and 118205740?
6670
What is the highest common divisor of 5119569 and 4851?
441
What is the highest common factor of 277587 and 172017?
621
Calculate the greatest common divisor of 1006242 and 81142.
58
What is the greatest common divisor of 10697822 and 17521?
2503
What is the greatest common divisor of 345035 and 203095?
755
What is the highest common divisor of 184 and 612344916?
92
Calculate the highest common factor of 342244740 and 15.
15
What is the highest common factor of 12896 and 28192?
32
Calculate the highest common divisor of 1723 and 5384375.
1723
Calculate the highest common 